4071
List the prime factors of 331.
331
What are the prime factors of 24337?
24337
List the prime factors of 37672.
2, 17, 277
List the prime factors of 2718.
2, 3, 151
What are the prime factors of 4016?
2, 251
What are the prime factors of 41479?
41479
What are the prime factors of 1729?
7, 13, 19
What are the prime factors of 760?
2, 5, 19
What are the prime factors of 74740?
2, 5, 37, 101
List the prime factors of 5415.
3, 5, 19
List the prime factors of 1922.
2, 31
What are the prime factors of 671?
11, 61
List the prime factors of 23019.
3, 7673
List the prime factors of 30155.
5, 37, 163
What are the prime factors of 865?
5, 173
List the prime factors of 1538.
2, 769
What are the prime factors of 38511?
3, 11, 389
List the prime factors of 263.
263
What are the prime factors of 2765?
5, 7, 79
What are the prime factors of 9437?
9437
List the prime factors of 524.
2, 131
What are the prime factors of 633?
3, 211
List the prime factors of 12278.
2, 7, 877
What are the prime factors of 59478?
2, 3, 23, 431
List the prime factors of 420.
2, 3, 5, 7
What are the prime factors of 31361?
11, 2851
List the prime factors of 726.
2, 3, 11
What are the prime factors of 83183?
193, 431
List the prime factors of 35731.
35731
What are the prime factors of 33917?
13, 2609
What are the prime factors of 400?
2, 5
List the prime factors of 206.
2, 103
What are the prime factors of 1460?
2, 5, 73
What are the prime factors of 13054?
2, 61, 107
List the prime factors of 12374.
2, 23, 269
List the prime factors of 9497.
9497
List the prime factors of 124566.
2, 3, 13, 1597
List the prime factors of 57625.
5, 461
What are the prime factors of 70358?
2, 127, 277
What are the prime factors of 53967?
3, 17989
What are the prime factors of 76341?
3, 25447
List the prime factors of 123569.
29, 4261
What are the prime factors of 1324?
2, 331
List the prime factors of 16238.
2, 23, 353
What are the prime factors of 6513?
3, 13, 167
What are the prime factors of 3618?
2, 3, 67
What are the prime factors of 329?
7, 47
What are the prime factors of 72945?
3, 5, 1621
List the prime factors of 2707.
2707
What are the prime factors of 2857?
2857
List the prime factors of 62571.
3, 20857
List the prime factors of 123.
3, 41
List the prime factors of 5858.
2, 29, 101
What are the prime factors of 125655?
3, 5, 8377
What are the prime factors of 20834?
2, 11, 947
What are the prime factors of 18809?
7, 2687
What are the prime factors of 1646?
2, 823
What are the prime factors of 2543?
2543
List the prime factors of 72244.
2, 18061
List the prime factors of 22274.
2, 7, 37, 43
List the prime factors of 1335.
3, 5, 89
What are the prime factors of 1737?
3, 193
What are the prime factors of 7690?
2, 5, 769
List the prime factors of 772.
2, 193
What are the prime factors of 5959?
59, 101
What are the prime factors of 17745?
3, 5, 7, 13
What are the prime factors of 758?
2, 379
What are the prime factors of 3169?
3169
List the prime factors of 104.
2, 13
What are the prime factors of 427?
7, 61
List the prime factors of 1305.
3, 5, 29
List the prime factors of 2322.
2, 3, 43
What are the prime factors of 1088?
2, 17
What are the prime factors of 635?
5, 127
List the prime factors of 24.
2, 3
List the prime factors of 82284.
2, 3, 6857
What are the prime factors of 1841?
7, 263
What are the prime factors of 6418?
2, 3209
List the prime factors of 3444.
2, 3, 7, 41
What are the prime factors of 30009?
3, 7, 1429
List the prime factors of 4696.
2, 587
List the prime factors of 177023.
7, 11, 19
What are the prime factors of 1533?
3, 7, 73
List the prime factors of 23156.
2, 7, 827
List the prime factors of 614.
2, 307
List the prime factors of 2395.
5, 479
What are the prime factors of 70846?
2, 35423
List the prime factors of 11925.
3, 5, 53
List the prime factors of 37221.
3, 19, 653
List the prime factors of 51897.
3, 17299
What are the prime factors of 13894?
2, 6947
What are the prime factors of 1826?
2, 11, 83
What are the prime factors of 89549?
149, 601
List the prime factors of 16668.
2, 3, 463
List the prime factors of 4075.
5, 163
What are the prime factors of 46018?
2, 7, 19, 173
What are the prime factors of 13533?
3, 13, 347
What are the prime factors of 3199?
7, 457
What are the prime factors of 85499?
193, 443
What are the prime factors of 1426?
2, 23, 31
List the prime factors of 7976.
2, 997
What are the prime factors of 107836?
2, 26959
What are the prime factors of 177?
3, 59
List the prime factors of 5402.
2, 37, 73
What are the prime factors of 8375?
5, 67
List the prime factors of 190294.
2, 13, 563
What are the prime factors of 1376?
2, 43
List the prime factors of 27073.
27073
List the prime factors of 729.
3
List the prime factors of 31703.
7, 647
What are the prime factors of 16711?
17, 983
What are the prime factors of 77522?
2, 83, 467
List the prime factors of 72159.
3, 67, 359
List the prime factors of 218.
2, 109
List the prime factors of 7225.
5, 17
What are the prime factors of 1468?
2, 367
What are the prime factors of 129?
3, 43
What are the prime factors of 1305?
3, 5, 29
List the prime factors of 31355.
5, 6271
List the prime factors of 21029.
17, 1237
What are the prime factors of 7028?
2, 7, 251
What are the prime factors of 69623?
69623
What are the prime factors of 43907?
23, 83
What are the prime factors of 1132?
2, 283
List the prime factors of 30094.
2, 41, 367
What are the prime factors of 42256?
2, 19, 139
List the prime factors of 649.
11, 59
List the prime factors of 4486.
2, 2243
What are the prime factors of 3773?
7, 11
List the prime factors of 6299.
6299
List the prime factors of 11269.
59, 191
List the prime factors of 339.
3, 113
List the prime factors of 8435.
5, 7, 241
What are the prime factors of 2045?
5, 409
List the prime factors of 442.
2, 13, 17
What are the prime factors of 11784?
2, 3, 491
List the prime factors of 2795.
5, 13, 43
List the prime factors of 34767.
3, 3863
What are the prime factors of 35400?
2, 3, 5, 59
What are the prime factors of 8057?
7, 1151
List the prime factors of 88756.
2, 22189
List the prime factors of 2548.
2, 7, 13
What are the prime factors of 127193?
11, 31, 373
What are the prime factors of 1827?
3, 7, 29
List the prime factors of 33653.
73, 461
List the prime factors of 10449.
3, 43
List the prime factors of 1221.
3, 11, 37
List the prime factors of 45529.
11, 4139
List the prime factors of 5044.
2, 13, 97
What are the prime factors of 1700?
2, 5, 17
What are the prime factors of 5806?
2, 2903
What are the prime factors of 7312?
2, 457
List the prime factors of 59909.
139, 431
What are the prime factors of 16610?
2, 5, 11, 151
What are the prime factors of 375?
3, 5
What are the prime factors of 3029?
13, 233
What are the prime factors of 3659?
3659
List the prime factors of 1608.
2, 3, 67
What are the prime factors of 1160?
2, 5, 29
List the prime factors of 1392.
2, 3, 29
What are the prime factors of 1680?
2, 3, 5, 7
List the prime factors of 6429.
3, 2143
What are the prime factors of 3572?
2, 19, 47
List the prime factors of 103965.
3, 5, 29, 239
What are the prime factors of 1177?
11, 107
List the prime factors of 5128.
2, 641
What are the prime factors of 65267?
65267
What are the prime factors of 76819?
76819
What are the prime factors of 17069?
13, 101
List the prime factors of 13717.
11, 29, 43
List the prime factors of 97.
97
What are the prime factors of 1908?
2, 3, 53
List the prime factors of 215.
5, 43
What are the prime factors of 23608?
2, 13, 227
What are the prime factors of 61388?
2, 103, 149
What are the prime factors of 10992?
2, 3, 229
List the prime factors of 9677.
9677
What are the prime factors of 5155?
5, 1031
What are the prime factors of 731?
17, 43
What are the prime factors of 846?
2, 3, 47
What are the prime factors of 257?
257
List the prime factors of 58292.
2, 13, 19, 59
What are the prime factors of 3894?
2, 3, 11, 59
List the prime factors of 3585.
3, 5, 239
List the prime factors of 101941.
7, 14563
List the prime factors of 35280.
2, 3, 5, 7
What are the prime factors of 999?
3, 37
List the prime factors of 707.
7, 101
List the prime factors of 830.
2, 5, 83
What are the prime factors of 3260?
2, 5, 163
What are the prime factors of 128?
2
W